?
False
Is 285693 composite?
True
Is 12307 a prime number?
False
Is 28195 composite?
True
Is 923047 a composite number?
False
Is 253427 a prime number?
True
Is 6499 composite?
True
Is 126283 a composite number?
True
Is 37831 a composite number?
False
Is 83015 prime?
False
Is 19759 a prime number?
True
Is 383855 a prime number?
False
Is 9511 prime?
True
Is 172151 a composite number?
True
Is 26641 a composite number?
False
Is 7993 a prime number?
True
Is 93301 composite?
True
Is 29689 composite?
True
Is 15829 prime?
False
Is 2099 prime?
True
Is 3103 a prime number?
False
Is 27179 a composite number?
False
Is 60181 prime?
False
Is 1151 composite?
False
Is 1137 prime?
False
Is 24071 composite?
False
Is 98113 prime?
False
Is 499009 a composite number?
True
Is 46889 composite?
False
Is 22433 prime?
True
Is 589738 a composite number?
True
Is 297421 composite?
False
Is 60749 a prime number?
False
Is 95827 a composite number?
True
Is 19939 a composite number?
True
Is 48437 a composite number?
False
Is 159491 a composite number?
False
Is 808283 composite?
True
Is 7817 a prime number?
True
Is 180893 prime?
False
Is 15359 a prime number?
True
Is 12779 composite?
True
Is 20303 a composite number?
True
Is 40193 a prime number?
True
Is 6469 composite?
False
Is 2543361 a prime number?
False
Is 25294 a prime number?
False
Is 1209509 composite?
True
Is 58251 composite?
True
Is 18893 a prime number?
False
Is 40571 prime?
False
Is 27407 a prime number?
True
Is 107339 a prime number?
True
Is 119417 a prime number?
True
Is 4109 a composite number?
True
Is 185891 composite?
True
Is 16507 composite?
True
Is 9287 a prime number?
False
Is 62071 prime?
True
Is 378869 composite?
False
Is 5371373 a composite number?
True
Is 9337 prime?
True
Is 13963 prime?
True
Is 10727 a prime number?
False
Is 273761 a prime number?
False
Is 4583 a composite number?
False
Is 8369 a composite number?
False
Is 1255457 a prime number?
False
Is 35549 a prime number?
False
Is 405519 a prime number?
False
Is 983 a composite number?
False
Is 1180771 prime?
True
Is 101009 composite?
False
Is 11657 a composite number?
False
Is 99685 composite?
True
Is 821263 composite?
False
Is 81053 a prime number?
False
Is 1475339 prime?
True
Is 20317 a prime number?
False
Is 13849 a composite number?
True
Is 2459 a prime number?
True
Is 3946 a prime number?
False
Is 142771 a composite number?
False
Is 32353 a prime number?
True
Is 3407 a prime number?
True
Is 251123 a prime number?
False
Is 42349 a prime number?
True
Is 278089 a composite number?
True
Is 471563 composite?
True
Is 5774095 prime?
False
Is 52739 a composite number?
True
Is 13061 prime?
False
Is 136109 a composite number?
True
Is 2927 prime?
True
Is 1138483 a composite number?
False
Is 109639 a prime number?
True
Is 117697 a prime number?
False
Is 10753 composite?
False
Is 32957 prime?
True
Is 13229 a prime number?
True
Is 94049 composite?
False
Is 4907 composite?
True
Is 59 a composite number?
False
Is 157991 prime?
True
Is 8221 a prime number?
True
Is 42729 a prime number?
False
Is 513239 a composite number?
False
Is 42667 a composite number?
False
Is 13493 prime?
False
Is 927943 a composite number?
True
Is 14489 prime?
True
Is 22493 composite?
True
Is 12302 a composite number?
True
Is 749 a composite number?
True
Is 71618 prime?
False
Is 1657 prime?
True
Is 11351 composite?
False
Is 37667 composite?
True
Is 62462 a composite number?
True
Is 1285 prime?
False
Is 225427 composite?
False
Is 732169 a composite number?
False
Is 35267 composite?
False
Is 3281 prime?
False
Is 2633 composite?
False
Is 29221 composite?
False
Is 6733 a composite number?
False
Is 499981 prime?
False
Is 293705 composite?
True
Is 379801 a composite number?
True
Is 6637 a prime number?
True
Is 36145 a composite number?
True
Is 54359 a prime number?
False
Is 12941 a composite number?
False
Is 22691 prime?
True
Is 35579 a composite number?
True
Is 191787 prime?
False
Is 6387 a composite number?
True
Is 189547 composite?
False
Is 772021 composite?
True
Is 15161 a prime number?
True
Is 23513 prime?
False
Is 222379 composite?
False
Is 2371609 a prime number?
True
Is 3251 a prime number?
True
Is 1503131 composite?
True
Is 163651 composite?
True
Is 169987 a prime number?
True
Is 284341 a composite number?
False
Is 12286 composite?
True
Is 1717 a prime number?
False
Is 3589 prime?
False
Is 21309 a prime number?
False
Is 1985 composite?
True
Is 3799819 composite?
False
Is 311441 prime?
False
Is 98993 a composite number?
False
Is 31301 composite?
True
Is 9466 composite?
True
Is 23341 a prime number?
False
Is 171007 a prime number?
True
Is 18467 composite?
True
Is 517169 a prime number?
True
Is 185123 prime?
True
Is 74395 prime?
False
Is 61301 prime?
False
Is 16603 a composite number?
False
Is 1427737 prime?
True
Is 3109031 a prime number?
True
Is 130769 composite?
False
Is 326917 composite?
True
Is 16741 a composite number?
False
Is 31957 composite?
False
Is 7369 a composite number?
False
Is 20807 composite?
False
Is 4663 composite?
False
Is 5497 prime?
False
Is 560461 a composite number?
True
Is 405865 composite?
True
Is 74966 prime?
False
Is 149973 a composite number?
True
Is 14987 a prime number?
False
Is 2447 a composite number?
False
Is 919 a prime number?
True
Is 8711 a prime number?
False
Is 10453 composite?
False
Is 4337 a composite number?
False
Is 6449 composite?
False
Is 48947 a composite number?
False
Is 7799 prime?
False
Is 14959 composite?
True
Is 13198 a prime number?
False
Is 158747 prime?
True
Is 709 composite?
False
Is 48553 composite?
True
Is 418121 prime?
False
Is 29731 composite?
True
Is 4237 a composite number?
True
Is 462043 a prime number?
False
Is 1441565 a composite number?
True
Is 511787 a composite number?
False
Is 95701 a prime number?
True
Is 44617 a composite number?
False
Is 112811 a prime number?
False
Is 85717 a prime number?
True
Is 14979 a prime number?
False
Is 20771 composite?
False
Is 8039 a composite number?
False
Is 50383 a composite number?
False
Is 2495 a composite number?
True
Is 3590831 prime?
True
Is 259667 prime?
True
Is 55661 a composite number?
False
Is 7507 composite?
False
Is 10291 composite?
True
Is 332441 composite?
False
Is 419873 a composite number?
False
Is 150827 a prime number?
True
Is 673 a prime number?
True
Is 12071 prime?
True
Is 60509 a prime number?
True
Is 2015669 a composite number?
False
Is 7303 a composite number?
True
Is 12449 prime?
False
Is 30767 a composite number?
True
Is 11611 a composite number?
True
Is 649 composite?
True
Is 449 composite?
False
Is 49253 prime?
True
Is 57406 composite?
True
Is 104573 prime?
False
Is 21943 a composite number?
False
Is 190897 prime?
False
Is 581033 a composite number?
True
Is 13579 composite?
True
Is 25687 composite?
True
Is 624487 a prime number?
True
Is 54357 prime?
False
Is 13001 a prime number?
True
Is 2497 a composite number?
True
Is 37189 composite?
False
Is 11257 composite?
False
Is 39085 prime?
False
Is 6589 prime?
False
Is 449 a prime number?
True
Is 70706 prime?
False
Is 6193 composite?
True
Is 88183 a prime number?
False
Is 145063 composite?
False
Is 25787 composite?
True
Is 329 a prime number?
False
Is 15859 a prime number?
True
Is 977 composite?
False
Is 543967 a prime number?
True
Is 67033 prime?
True
Is 16781 prime?
False
Is 2291 composite?
True
Is 525913 a composite number?
False
Is 134609 a prime number?
True
Is 4777 a prime number?
False
Is 5297 composite?
False
Is 9527 a prime number?
False
Is 284311 composite?
False
Is 223 a prime number?
True
Is 36847 a composite number?
False
Is 14485 a composite number?
True
Is 21257 a prime number?
False
Is 13985 a prime number?
False
Is 4127 prime?
True
Is 21467 composite?
False
Is 1480811 prime?
True
Is 101429 prime?
True
Is 18227 composite?
True
Is 18181 composite?
False
Is 1721 a composite number?
False
Is 73691 a prime number?
False
Is 36021 prime?
False
Is 2333197 a prime number?
True
Is 2374483 a composite number?
False
Is 24593 a prime number?
True
Is 138665 a prime number?
False
Is 47935 a composite number?
True
Is 59017 a composite number?
True
Is 725531 composite?
False
Is 8045 prime?
False
Is 247517 a composite number?
True
Is 1709 a composite number?
False
Is 68995 prime?
False
Is 733553 a composite numb